
What is -1123 (base 5) in base 6?
-431
What is 123 (base 6) in base 8?
63
What is -126 (base 9) in base 10?
-105
Convert 23 (base 12) to base 6.
43
What is 110000 (base 2) in base 11?
44
3 (base 11) to base 10
3
Convert -43 (base 15) to base 8.
-77
What is -224 (base 6) in base 13?
-6a
Convert 138 (base 9) to base 15.
7b
-c2 (base 16) to base 3
-21012
Convert 7 (base 14) to base 11.
7
What is 1 (base 10) in base 8?
1
Convert 45 (base 12) to base 4.
311
Convert 111 (base 6) to base 5.
133
-190 (base 11) to base 3
-22011
Convert -65 (base 13) to base 10.
-83
Convert 73 (base 15) to base 4.
1230
What is 4 (base 13) in base 6?
4
What is -10011001 (base 2) in base 4?
-2121
Convert -11210 (base 4) to base 3.
-111012
11101101 (base 2) to base 9
283
What is 131 (base 7) in base 3?
2122
What is -45 (base 15) in base 8?
-101
9a (base 14) to base 4
2020
Convert 9 (base 12) to base 10.
9
13 (base 7) to base 13
a
Convert 20 (base 3) to base 13.
6
What is -4 (base 10) in base 13?
-4
a (base 13) to base 14
a
Convert -c (base 14) to base 9.
-13
What is 10122 (base 3) in base 14?
70
-89 (base 11) to base 2
-1100001
-1 (base 4) to base 16
-1
What is -18 (base 13) in base 8?
-25
36 (base 11) to base 13
30
-133 (base 4) to base 5
-111
-1 (base 6) to base 5
-1
Convert 2 (base 5) to base 15.
2
2 (base 10) to base 4
2
What is 1 (base 11) in base 2?
1
What is -33 (base 6) in base 5?
-41
Convert 3 (base 11) to base 5.
3
What is -4 (base 10) in base 15?
-4
What is -103 (base 11) in base 6?
-324
What is -5 (base 11) in base 5?
-10
What is -15 (base 9) in base 3?
-112
Convert 13 (base 14) to base 4.
101
Convert 2 (base 12) to base 9.
2
Convert -110110 (base 2) to base 13.
-42
1 (base 16) to base 11
1
-2 (base 4) to base 15
-2
0 (base 16) to base 6
0
What is -3 (base 5) in base 14?
-3
-40 (base 5) to base 6
-32
What is 33 (base 14) in base 10?
45
Convert -11 (base 6) to base 11.
-7
What is -2 (base 4) in base 7?
-2
What is 5 (base 12) in base 5?
10
11 (base 5) to base 7
6
-2 (base 7) to base 15
-2
What is -2 (base 4) in base 13?
-2
-3 (base 10) to base 2
-11
310 (base 5) to base 4
1100
What is 2 (base 8) in base 4?
2
What is -2 (base 14) in base 2?
-10
Convert 23 (base 6) to base 7.
21
Convert 302 (base 5) to base 12.
65
Convert -43 (base 11) to base 8.
-57
Convert -5 (base 8) to base 13.
-5
What is -113 (base 5) in base 3?
-1020
-16 (base 16) to base 7
-31
Convert -3 (base 7) to base 3.
-10
-b (base 13) to base 16
-b
What is -c (base 16) in base 9?
-13
6 (base 9) to base 6
10
220 (base 3) to base 11
22
What is -65 (base 12) in base 11?
-70
Convert 3 (base 12) to base 15.
3
Convert 113 (base 5) to base 9.
36
-3 (base 8) to base 10
-3
Convert -224 (base 6) to base 11.
-80
Convert 143 (base 9) to base 11.
aa
Convert -210 (base 4) to base 16.
-24
10010 (base 2) to base 10
18
What is -6 (base 13) in base 7?
-6
-191 (base 10) to base 13
-119
1 (base 3) to base 5
1
Convert -9 (base 11) to base 2.
-1001
What is -5 (base 9) in base 6?
-5
Convert -40 (base 12) to base 15.
-33
Convert 72 (base 15) to base 12.
8b
-2 (base 14) to base 7
-2
What is -22 (base 14) in base 6?
-50
122 (base 8) to base 15
57
What is -13 (base 6) in base 4?
-21
What is 4 (base 14) in base 8?
4
Convert -321 (base 4) to base 10.
-57
What is b (base 12) in base 7?
14
What is -200 (base 3) in base 14?
-14
Convert 11 (base 14) to base 12.
13
0 (base 11) to base 12
0
5 (base 8) to base 14
5
What is -85 (base 9) in base 15?
-52
What is -1 (base 3) in base 11?
-1
Convert 17 (base 8) to base 3.
120
What is -1023 (base 4) in base 7?
-135
-16 (base 11) to base 2
-10001
6 (base 8) to base 10
6
Convert 3 (base 15) to base 8.
3
Convert 204 (base 8) to base 10.
132
What is 1 (base 15) in base 5?
1
What is -5 (base 6) in base 7?
-5
What is 2c (base 15) in base 4?
222
What is -98 (base 10) in base 13?
-77
Convert -30 (base 5) to base 7.
-21
Convert -35 (base 15) to base 12.
-42
What is d (base 15) in base 9?
14
-1110 (base 3) to base 12
-33
b (base 13) to base 9
12
What is 4 (base 9) in base 2?
100
Convert -110 (base 2) to base 3.
-20
Convert -110 (base 4) to base 11.
-19
-26 (base 14) to base 12
-2a
Convert 12 (base 7) to base 5.
14
Convert -12 (base 3) to base 9.
-5
133 (base 5) to base 7
61
6 (base 9) to base 14
6
7 (base 9) to base 8
7
0 (base 7) to base 5
0
29 (base 10) to base 12
25
-3 (base 5) to base 3
-10
What is 3 (base 8) in base 9?
3
-2 (base 4) to base 14
-2
-3 (base 8) to base 6
-3
What is -2 (base 14) in base 2?
-10
b (base 14) to base 15
b
-32 (base 9) to base 11
-27
Convert 1011 (base 2) to base 6.
15
3 (base 9) to base 13
3
Convert 3 (base 4) to base 3.
10
-12 (base 9) to base 11
-10
Convert 110101 (base 2) to base 7.
104
What is -2 (base 5) in base 11?
-2
Convert -2 (base 14) to base 10.
-2
27 (base 15) to base 3
1101
211 (base 6) to base 10
79
-110 (base 3) to base 13
-c
Convert 274 (base 11) to base 8.
503
Convert 100111 (base 2) to base 6.
103
-1001 (base 2) to base 12
-9
0 (base 4) to base 3
0
Convert -1 (base 10) to base 11.
-1
Convert -1d3 (base 15) to base 4.
-12213
-7 (base 8) to base 14
-7
Convert -11000 (base 2) to base 13.
-1b
Convert -6 (base 12) to base 11.
-6
What is 14 (base 8) in base 5?
22
13 (base 9) to base 3
110
What is 14a (base 13) in base 5?
1411
-4 (base 9) to base 15
-4
-1 (base 16) to base 3
-1
10011000 (base 2) to base 16
98
Convert -16 (base 7) to base 2.
-1101
2 (base 8) to base 2
10
What is 11 (base 6) in base 11?
7
12012 (base 3) to base 16
8c
Convert 51 (base 12) to base 4.
331
Convert 1001 (base 2) to base 14.
9
What is 64 (base 12) in base 8?
114
-3 (base 10) to base 7
-3
Convert 4 (base 15) to base 9.
4
Convert -110 (base 2) to base 6.
-10
What is 78 (base 9) in base 2?
1000111
Convert 131 (base 4) to base 13.
23
3 (base 4) to base 13
3
What is -44 (base 12) in base 11?
-48
What is 3 (base 7) in base 11?
3
Convert -1001101 (base 2) to base 3.
-2212
-8 (base 16) to base 6
-12
Convert -31 (base 6) to base 13.
-16
Convert 5 (base 12) to base 9.
5
26 (base 8) to base 16
16
What is 31 (base 13) in base 3?
1111
What is -3 (base 13) in base 3?
-10
-9 (base 11) to base 14
-9
Convert 42 (base 10) to base 14.
30
What is 3 (base 11) in base 4?
3
Convert -102 (base 4) to base 9.
-20
What is 5 (base 11) in base 2?
101
8 (base 9) to base 6
12
What is 10011011 (base 2) in base 14?
b1
Convert a (base 16) to base 2.
1010
Convert -26 (base 11) to base 14.
-20
Convert 101 (base 3) to base 5.
20
-1 (base 12) to base 14
-1
Convert -2200 (base 3) to base 5.
-242
What is -4 (base 14) in base 4?
-10
Convert -112 (base 7) to base 4.
-322
Convert 122 (base 9) to base 5.
401
Convert 92 (base 10) to base 6.
232
Convert -53 (base 10) to base 11.
-49
Convert -6 (base 13) to base 9.
-6
Convert 3 (base 9) to base 14.
3
4 (base 8) to base 12
4
What is 10 (base 4) in base 6?
4
-121 (base 5) to base 3
-1100
Convert -7 (base 12) to base 2.
-111
What is 34 (base 10) in base 11?
31
What is 163 (base 7) in base 13?
73
Convert -32 (base 6) to base 10.
-20
What is 80 (base 11) in base 2?
1011000
What is -10101001 (base 2) in base 8?
-251
What is 0 (base 14) in base 11?
0
Convert 14 (base 5) to base 8.
11
Convert -12 (base 16) to base 3.
-200
What is 22 (base 4) in base 16?
a
11 (base 4) to base 11
5
-2 (base 7) to base 4
-2
-4 (base 13) to base 12
-4
4b (base 15) to base 9
78
What is 1100 (base 2) in base 7?
15
What is c6 (base 13) in base 14?
b8
2 (base 8) to base 4
2
What is 0 (base 14) in base 9?
0
Convert 4 (base 13) to base 6.
4
Convert 9 (base 15) to base 12.
9
What is -71 (base 9) in base 12?
-54
What is 203 (base 5) in base 11?
49
What is 2 (base 13) in base 10?
2
-77 (base 8) to base 4
-333
1 (base 10) to base 16
1
304 (base 5) to base 9
87
Convert -11 (base 4) to base 3.
-12
What is 40 (base 9) in base 7?
51
What is 13 (base 5) in base 16?
8
Convert -9a (base 15) to base 2.
-10010001
Convert 100 (base 2) to base 4.
10
49 (base 10) to base 12
41
-5e (base 15) to base 14
-65
Convert 3 (base 11) to base 12.
3
-1 (base 12) to base 2
-1
What is -52 (base 11) in base 4?
-321
3 (base 8) to base 12
3
What is 1 (base 16) in base 13?
1
-1 (base 9) to base 10
-1
Convert 30 (base 9) to base 13.
21
d (base 16) to base 10
13
-22 (base 10) to base 5
-42
-12 (base 7) to base 2
-1001
Convert 165 (base 9) to base